- 506. Calculate n(38).
-12
Let u(f) = f**2 - 6*f + 13. Determine u(2).
5
Let b(a) = a**3 - 20*a**2 + 42*a - 114. Give b(18).
-6
Let s(j) = 2*j**2 - 656*j - 10283. What is s(-15)?
7
Let a(n) = -n**2 - 62*n + 68. Determine a(-10).
588
Let k(z) = -2*z**2 + 87*z + 1412. Calculate k(56).
12
Let c(w) = -94*w**2 + 94*w + 3. Give c(1).
3
Let o(y) = 314*y + 5652. Calculate o(-18).
0
Let m(d) = -51*d + 1945. Give m(38).
7
Let k(n) = 5*n**3 + 74*n**2 - 13*n + 65. What is k(-15)?
35
Let o(m) = 20*m - 636. Determine o(32).
4
Let w(h) = 78*h**2 - 12*h - 17. What is w(-2)?
319
Let w(m) = -329*m + 1634. Determine w(5).
-11
Let u(o) = -2*o**2 - 10*o + 88. What is u(13)?
-380
Let n(x) = 8*x**2 + 430*x + 2552. Determine n(-47).
14
Let k(g) = 29*g + 90. Determine k(-10).
-200
Let v(i) = -5*i**2 - 105*i - 60. What is v(-22)?
-170
Let r(v) = -2*v**3 - 23*v**2 - 45*v - 6. Calculate r(-9).
-6
Let q(c) = -46*c**2 + 666*c - 666. Give q(1).
-46
Let r(g) = 843*g - 914. Calculate r(1).
-71
Let o(n) = -4*n**2 - 126*n - 471. Determine o(-4).
-31
Let a(u) = -2*u**2 + 299*u + 6781. What is a(-20)?
1
Let q(s) = 143*s + 1002. Calculate q(-7).
1
Let z(h) = -h**3 - 39*h**2 - 2*h + 13. What is z(0)?
13
Let b(w) = w**2 + 11*w + 31. What is b(-21)?
241
Let o(h) = 1985*h + 11949. Calculate o(-6).
39
Let k(x) = 250*x + 745. What is k(-3)?
-5
Let y(x) = -30*x + 31. Determine y(5).
-119
Let c(f) = 2*f**3 - 24*f**2 - 108. What is c(0)?
-108
Let q(g) = g**3 + 69*g**2 + 138*g + 254. What is q(-67)?
-14
Let c(w) = 15*w + 504. Determine c(-35).
-21
Let w(l) = 367*l + 1869. Calculate w(-5).
34
Let a(r) = -822*r + 29632. What is a(36)?
40
Let p(g) = 3*g + 442. Give p(-137).
31
Let w(v) = v**2 + 5*v - 236. Give w(11).
-60
Let v(g) = 2*g**2 - 117*g + 488. Calculate v(54).
2
Let r(i) = -3*i**3 - 31*i**2 - 2*i + 41. Determine r(-10).
-39
Let o(l) = 4*l**3 - 16*l - 31. Calculate o(-2).
-31
Let v(x) = 1007*x + 350425. Give v(-348).
-11
Let b(y) = -163*y - 5390. What is b(-33)?
-11
Let j(k) = 154*k + 682. Determine j(-5).
-88
Let o(n) = 11*n**2 + 6*n - 14. Calculate o(3).
103
Let u(o) = -3*o**2 - 129*o - 77. What is u(-43)?
-77
Let j(r) = -6*r**3 - 83*r**2 + 240*r + 3. Calculate j(3).
-186
Let t(q) = 30*q**3 - 33*q**2 - 45*q - 10. Give t(-1).
-28
Let l(q) = 3150*q - 22045. Calculate l(7).
5
Let b(k) = 14*k**2 - 8*k + 11. Give b(2).
51
Let l(b) = -5*b**3 + 15*b**2 - 18*b + 157. What is l(4)?
5
Let b(q) = -q**3 + 13*q**2 + 11*q - 280. What is b(12)?
-4
Let p(s) = -s**3 + 7*s**2 - 6*s + 5. Calculate p(6).
5
Let d(q) = -q**3 + 8*q**2 - 15*q - 1. Determine d(5).
-1
Let g(t) = t**2 - 527*t - 10931. Calculate g(-20).
9
Let a(y) = -y**3 + 18*y**2 + 2635*y + 517. What is a(-43)?
1
Let a(f) = -f**3 + 166*f**2 + 169*f - 346. What is a(167)?
-12
Let w(g) = 27*g + 84. What is w(-4)?
-24
Let w(r) = -16*r - 744. Calculate w(-48).
24
Let h(x) = x**2 + 25*x - 913. Calculate h(-45).
-13
Let m(x) = -22*x + 143. Calculate m(23).
-363
Let t(q) = -122*q - 1574. Calculate t(-13).
12
Let c(p) = 77*p - 3130. Give c(42).
104
Let o(l) = -63*l - 9. Calculate o(-4).
243
Let t(j) = j**2 - 7*j - 90. Calculate t(-5).
-30
Let n(s) = -5*s + 122. Give n(25).
-3
Let d(j) = 2*j**2 + 21*j + 268. Give d(-15).
403
Let w(h) = -5*h**2 + 247*h + 680. Give w(52).
4
Let y(i) = 514*i - 44213. Calculate y(86).
-9
Let h(s) = 23*s + 250. Calculate h(-9).
43
Let b(d) = 2*d**2 + 360*d - 4637. Determine b(-192).
-29
Let g(w) = 898*w + 79922. Determine g(-89).
0
Let p(g) = -4*g**2 + 251*g + 507. What is p(-2)?
-11
Let g(t) = t**3 + 11*t**2 - 279*t - 8. Give g(12).
-44
Let d(q) = 9*q**3 - 3*q**2 + 187*q - 186. Calculate d(1).
7
Let l(h) = 2*h**3 + 11*h**2 - 5*h + 32. What is l(-5)?
82
Let l(w) = w**3 - 7*w**2 + 17*w - 10. Give l(6).
56
Let b(a) = 32*a + 130. Determine b(0).
130
Let t(y) = -524*y + 8380. Calculate t(16).
-4
Let n(s) = 61*s + 25. What is n(1)?
86
Let m(a) = -2*a**3 + 284*a**2 + 12. Determine m(142).
12
Let c(l) = -l**3 + 4*l**2 - 4*l + 3. What is c(2)?
3
Let b(q) = q**2 + 14*q - 296. Give b(11).
-21
Let v(i) = -76*i - 3777. What is v(-50)?
23
Let i(z) = z + 16. Determine i(-14).
2
Let i(u) = 42*u + 1423. Determine i(-28).
247
Let l(x) = 1850*x + 18473. Give l(-10).
-27
Let b(g) = 2*g**2 - 13*g + 2. Calculate b(4).
-18
Let n(z) = -z**2 - 986*z + 11969. Give n(12).
-7
Let s(o) = 174*o**2 - 1736*o - 31. Give s(10).
9
Let k(h) = 2*h**2 + 30*h + 1. Give k(-5).
-99
Let n(a) = -8*a**2 - 1217*a - 184. Give n(-152).
-32
Let z(o) = 364*o - 3722. Give z(10).
-82
Let t(x) = -16*x + 340. Give t(10).
180
Let b(k) = 2*k**3 + 46*k**2 - 40*k + 98. Calculate b(-24).
-94
Let l(h) = -5*h**2 - 60*h - 76. Determine l(-11).
-21
Let i(o) = -8*o**3 - 58*o**2 - 46*o. Give i(-6).
-84
Let r(x) = 122*x + 254. Calculate r(-3).
-112
Let k(x) = -5*x + 154. What is k(21)?
49
Let k(z) = z**3 + 18*z**2 + 21*z + 75. Calculate k(-17).
7
Let d(n) = n**2 - 112*n - 5891. Determine d(151).
-2
Let u(t) = -t**2 + 16*t - 124. Calculate u(15).
-109
Let a(n) = -2*n**3 + 8*n**2 + 15*n + 69. Calculate a(7).
-120
Let m(i) = -3*i**2 - i + 25. What is m(3)?
-5
Let l(n) = 79*n + 4079. What is l(-50)?
129
Let p(r) = -331*r + 32819. Give p(99).
50
Let x(c) = -c**2 - 19*c - 1. Determine x(6).
-151
Let g(a) = a**2 - 3*a - 3. Determine g(-3).
15
Let q(w) = w**3 - 15*w**2 - 5*w + 61. Calculate q(12).
-431
Let n(x) = -38*x - 53. Give n(-7).
213
Let n(h) = 70*h + 163. Calculate n(-5).
-187
Let i(x) = 17*x**3 - 3*x**2 + 6. Calculate i(-2).
-142
Let x(f) = -2*f**2 + 51*f - 86. What is x(25)?
-61
Let z(q) = -2*q**3 + 61*q**2 - 55*q + 728. What is z(30)?
-22
Let h(c) = 122*c + 1457. What is h(-12)?
-7
Let t(i) = -3*i**2 + 435*i - 4426. What is t(11)?
-4
Let k(p) = p**3 + 43*p**2 + 124*p + 142. Calculate k(-40).
-18
Let t(q) = 7*q + 570. Calculate t(-81).
3
Let g(k) = -7*k**2 + 71*k + 22. What is g(11)?
-44
Let u(p) = -2*p**2 + 605*p + 1808. Calculate u(-3).
-25
Let q(r) = -16*r**2 - 67*r - 10. Give q(-4).
2
Let l(w) = 36*w + 275. Determine l(-11).
-121
Let y(r) = -3*r**2 + 52*r + 420. Calculate y(23).
29
Let b(d) = 4*d**2 + 336*d + 1578. Determine b(-79).
-2
Let m(f) = 19*f**2 - 51*f - 14. Determine m(3).
4
Let i(r) = 9*r**3 - 64*r**2 - 128*r - 2. What is i(-2)?
-74
Let k(l) = l**2 - 50*l + 612. Determine k(29).
3
Let q(o) = -392*o - 1577. Determine q(-4).
-9
Let g(h) = 43*h - 215. What is g(4)?
-43
Let x(n) = 128*n**2 - 351*n - 353. Give x(-1).
126
Let n(l) = -21*l**2 - 131*l - 25. Determine n(-8).
-321
Let y(g) = g + 79. What is y(27)?
106
Let w(s) = 227*s**2 + 689*s - 2. What is w(-3)?
-26
Let q(y) = 13*y + 345. Give q(-25).
20
Let w(o) = -30*o + 28. Determine w(1).
-2
Let m(j) = -5*j**2 - 19*j + 54. Determine m(-9).
-180
Let f(m) = -10*m + 230. Determine f(30).
-70
Let d(y) = -820*y - 18028. Determine d(-22).
12
Let y(r) = -r**3 + 99*r**2 + 2664*r - 236. What is y(121)?
6
Let p(h) = 2*h**2 - 61*h - 26. Give p(30).
-56
Let j(i) = -i**3 - 8*i**2 + 27*i + 110. Give j(-6).
-124
Let t(o) = -o**3 - 18*o**2 - 15*o - 62. Calculate t(-17).
-96
Let n(k) = -975*k + 54595. Calculate n(56).
-5
Let h(u) = -5*u - 32. What is h(-30)?
118
Let c(m) = -219*m - 437. Give c(-2).
1
Let d(s) = -33*s + 4491. Determine d(136).
3
Let w(z) = 18*z**2 + 212*z + 24. Give w(-12).
72
Let k(h) = h**3 - 11*h**2 - 94*h + 1038. Calculate k(10).
-2
Let h(r) = -85*r - 300. What is h(-4)?
40
Let b(v) = -21*v + 70. Give b(-6).
196
Let t(q) = q**3 - 9*q**2 - 2*q - 6. Give t(3).
-66
Let g(r) = 324*r - 3303. Calculate g(10).
-63
Let s(r) = 2*r**2 - 14*r + 66. Determine s(5).
46
Let g(y) = -2*y**2 + 155*y - 2471. Determine g(55).
4
Let d(y) = -y**2 + 11*y - 5. Give d(-5).
-85
Let y(a) = 2*a**3 - 46*a**2 + 84*a + 1. Calculate y(21).
1
Let v(n) = -n**2 - 118*n - 3409. Give v(-50).
-9
Let i(n) = 33*n - 1982. Give i(60).
-2
Let y(s) = 71*s**2 - 244*s + 90. Determine y(3).
-3
Let r(t) = 2*t**3 + 32*t**2 + 83*t + 48. Calculate r(-13).
-17
Let v(p) = -3*p**2 - 34*p - 13. Calculate v(-12).
-37
Let g(w) = w**3 + 23*w**2 + 92*w + 15. Determine g(-5).
5
Let o(u) = 3*u**2 - 104*u + 69. Calculate o(36).
213
Let m(l) = -2*l**3 + 135*l**2 + 67*l + 70. Calculate m(68).
2
Let h(p) = p**2 - 363*p - 1492. What is h(-4)?
-24
Let t(d) = 10*d**2 + 35*d - 11. Give t(-5).
64
Let k(t) = 2*t**2 - 572*t - 10957. What is k(-18)?
-13
Let a(g) = -g**2 - 307*g - 12